True
Is 93476363 composite?
False
Is 902601853 composite?
False
Is 84329659 composite?
False
Is 35257381 a composite number?
False
Is 2298623 a composite number?
True
Is 640604117 a prime number?
False
Is 86758783 prime?
False
Is 14608063 a composite number?
True
Is 1260971 a composite number?
False
Is 14262251 prime?
True
Is 426959 a prime number?
False
Is 27742661 prime?
True
Is 6998417 prime?
False
Is 5457941 a composite number?
True
Is 15166873 a prime number?
False
Is 277785553 a composite number?
False
Is 150313 a composite number?
True
Is 5209189 a composite number?
True
Is 46106527 a prime number?
True
Is 2312479 prime?
False
Is 1682333 a composite number?
False
Is 461987 prime?
False
Is 9395693 composite?
False
Is 1291903 a prime number?
False
Is 827249 prime?
False
Is 392464103 composite?
False
Is 1745077 prime?
True
Is 216841 composite?
False
Is 576509 composite?
False
Is 39367267 composite?
False
Is 15017887 a composite number?
True
Is 11555297 a composite number?
True
Is 16363517 prime?
False
Is 357013733 composite?
False
Is 265219 a composite number?
True
Is 24631279 prime?
True
Is 478991 a prime number?
True
Is 4671313 composite?
True
Is 3401821 prime?
False
Is 186205319 a composite number?
False
Is 65734579 prime?
True
Is 5216083 prime?
True
Is 13176841 prime?
True
Is 10046819 composite?
True
Is 114763 composite?
True
Is 163148617 composite?
False
Is 22349881 a prime number?
True
Is 365851 a prime number?
True
Is 6083761 a prime number?
True
Is 12963847 a prime number?
False
Is 13493279 composite?
True
Is 69855967 a composite number?
False
Is 3996779 a composite number?
True
Is 26521827 prime?
False
Is 1161119 a prime number?
False
Is 121074493 a prime number?
False
Is 943307 composite?
False
Is 792213677 composite?
True
Is 317837269 a composite number?
False
Is 6160263 a prime number?
False
Is 371752361 composite?
True
Is 1904747 a composite number?
True
Is 60154142 a prime number?
False
Is 75242567 a composite number?
True
Is 8602409 composite?
False
Is 1676497 a composite number?
False
Is 42292273 a composite number?
False
Is 1128055 a composite number?
True
Is 3790411 a prime number?
False
Is 3968557 a prime number?
False
Is 24142451 composite?
True
Is 2741173 composite?
True
Is 24083023 a composite number?
False
Is 16550107 prime?
False
Is 1651619 composite?
True
Is 5954626 a composite number?
True
Is 19579943 a composite number?
False
Is 769207 a composite number?
False
Is 969137537 a composite number?
False
Is 2674733 composite?
False
Is 3679261 composite?
False
Is 8189113 prime?
False
Is 3088741 a composite number?
False
Is 91874267 composite?
True
Is 696162721 composite?
True
Is 2074199 composite?
False
Is 2137841 a prime number?
True
Is 952578617 a prime number?
True
Is 589465691 prime?
True
Is 13983181 a prime number?
False
Is 11513257 composite?
True
Is 442472471 a prime number?
False
Is 13109881 prime?
True
Is 203500277 composite?
True
Is 20502617 prime?
False
Is 5991199 composite?
True
Is 103443937 a composite number?
False
Is 426190657 a composite number?
True
Is 607489 prime?
False
Is 6783067 prime?
True
Is 272834651 a composite number?
True
Is 124451 a composite number?
True
Is 3400457 composite?
False
Is 5686241 a composite number?
True
Is 7121719 composite?
True
Is 51094033 a prime number?
True
Is 742054 a prime number?
False
Is 37439179 a prime number?
True
Is 12030029 prime?
False
Is 2255465 a composite number?
True
Is 8279129 prime?
False
Is 278179141 a composite number?
False
Is 16243237 a prime number?
False
Is 2039591 a prime number?
False
Is 42848407 composite?
True
Is 2299457 composite?
True
Is 32017343 composite?
True
Is 47379001 a composite number?
True
Is 4545683 prime?
True
Is 714802499 prime?
True
Is 9979267 a prime number?
False
Is 1396977637 prime?
False
Is 17822411 a prime number?
True
Is 4487551 a prime number?
False
Is 3743797 a prime number?
True
Is 51928169 a composite number?
False
Is 52078537 prime?
False
Is 154778395 a prime number?
False
Is 6896501 prime?
True
Is 335984267 a prime number?
False
Is 83504371 composite?
True
Is 66756449 composite?
True
Is 114861715 a prime number?
False
Is 5686691 prime?
True
Is 11006243 composite?
False
Is 216902391 a composite number?
True
Is 43553 composite?
True
Is 41136649 prime?
True
Is 499541929 a composite number?
False
Is 17617619 a prime number?
False
Is 3995983 composite?
True
Is 10220845 a composite number?
True
Is 289006097 a composite number?
False
Is 2814047 composite?
True
Is 82822969 prime?
False
Is 76082969 prime?
True
Is 216613 a composite number?
True
Is 434015717 a prime number?
False
Is 1932369 a composite number?
True
Is 23775487 a composite number?
False
Is 1350187 a prime number?
True
Is 207871897 a prime number?
True
Is 105805901 composite?
False
Is 33311966 composite?
True
Is 81214715 a prime number?
False
Is 21342631 prime?
True
Is 151065269 prime?
False
Is 2954669 composite?
True
Is 640477331 composite?
True
Is 616639 a prime number?
True
Is 148315 prime?
False
Is 1169873 a composite number?
False
Is 24726941 prime?
True
Is 20863721 a prime number?
False
Is 28186217 a prime number?
True
Is 150203761 prime?
True
Is 635581 a prime number?
False
Is 8771327 composite?
False
Is 680257973 a composite number?
True
Is 494281 composite?
False
Is 731519 composite?
True
Is 11552183 prime?
False
Is 2456661 composite?
True
Is 5499085 prime?
False
Is 379143931 prime?
False
Is 6529763 prime?
True
Is 3543061 a composite number?
True
Is 33942281 a prime number?
True
Is 67367173 composite?
False
Is 351285967 a composite number?
False
Is 838481 a prime number?
False
Is 10781629 a prime number?
False
Is 4848229 composite?
False
Is 5542773 prime?
False
Is 4317497 a composite number?
False
Is 5370107 prime?
True
Is 4410401 composite?
True
Is 50223907 prime?
True
Is 7663561 prime?
False
Is 1914097 composite?
False
Is 495221 composite?
False
Is 379427 composite?
True
Is 23753623 prime?
True
Is 49419269 a prime number?
False
Is 40258013 a composite number?
False
Is 4749253 a composite number?
False
Is 223168082 a prime number?
False
Is 4164673 composite?
False
Is 108084547 a prime number?
True
Is 155161717 composite?
True
Is 4908373 prime?
True
Is 7611421 prime?
True
Is 139582889 a prime number?
True
Is 4900211 composite?
False
Is 15290333 composite?
True
Is 610418 prime?
False
Is 53026991 composite?
False
Is 4271027 composite?
False
Is 217999081 composite?
True
Is 6189299 a prime number?
True
Is 35409877 prime?
True
Is 6701703 composite?
True
Is 66869965 prime?
False
Is 14116799 a composite number?
False
Is 380533 a prime number?
True
Is 514669 a composite number?
False
Is 374992831 composite?
False
Is 6437237 prime?
False
Is 9633453 a composite number?
True
Is 132029561 a prime number?
True
Is 20221801 prime?
True
Is 31150471 composite?
True
Is 30711559 composite?
True
Is 326862013 a prime number?
True
Is 2331239 prime?
False
Is 170903699 a composite number?
True
Is 134327467 prime?
True
Is 10810099 composite?
True
Is 71007907 prime?
True
Is 4775237 composite?
True
Is 64941035 a composite number?
True
Is 279479 composite?
False
Is 8141527 prime?
True
Is 404441 prime?
False
Is 81570869 a composite number?
True
Is 21528281 composite?
True
Is 25635817 prime?
False
Is 5471123 composite?
True
Is 27182639 a composite number?
True
Is 686879 prime?
True
Is 4638259 composite?
True
Is 3487243 composite?
True
Is 11485561 prime?
False
Is 21060431 a composite number?
True
Is 422717 prime?
False
Is 223408247 prime?
True
Is 3068411 composite?
True
Is 99213407 a prime number?
True
Is 188261669 a prime number?
False
Is 607969289 composite?
False
Is 44140717 a prime number?
True
Is 862084523 a prime number?
True
Is 11135401 composite?
False
Is 753037781 prime?
True
Is 156878489 prime?
False
Is 23892991 a prime number?
False
Is 3974819 prime?
False
Is 584911 a composite number?
False
Is 846137 composite?
False
Is 82609 composite?
False
Is 36744467 a prime number?
True
Is 5201291 a prime number?
True
Is 4500577 a composite number?
False
Is 3247001 a composite number?
True
Is 34981139 a prime number?
True
Is 23609119 a composite number?
True
Is 164704051 a prime number?
True
Is 41289197 prime?
False
Is 193243 prime?
True
Is 773207 a prime number?
True
Is 142659401 